ctor of 469 and y?
7
Suppose -m + 7*m - 569 = -281. Calculate the greatest common factor of m and 16944.
48
Let y be -5 - (5 + -2 + -13). Suppose 0 = -r - 2*x - x + 13, 11 = y*r - 3*x. Suppose 0 = -4*f - r*f + 272. Calculate the highest common factor of f and 2.
2
Suppose 6*v - 1 = -2*b + 7, 0 = -5*v - 2*b + 8. Suppose -5*t - 4*y = -v*y - 67, 4*y + 8 = 0. Calculate the highest common divisor of t and 45.
15
Let v be (-122)/22 - (-174)/319 - -129. What is the greatest common divisor of 93 and v?
31
Let a be 146/9 - 1/(54/12). Let r = -6 + 10. Suppose -r*t + a = o, 0 = 2*t - 5 + 3. Calculate the highest common divisor of o and 132.
12
Let x(k) = -88*k + 1992. Let t be x(18). Calculate the greatest common divisor of 24 and t.
24
Let k = -5953 + 23143. What is the greatest common factor of 135 and k?
45
Let c be 9848/56 + (-54)/63. Let g(t) = -t**3 - 9*t**2 + 20*t - 12. Let x be g(-11). Calculate the highest common factor of x and c.
5
Let q = 269 - 263. Suppose 37*y - 45 = 40*y. Let a be 520/y*(-9)/4. Calculate the greatest common factor of a and q.
6
Let d be 2 + -3 + 47 - 1. Suppose 2*h - 989 + 749 = 0. Calculate the highest common divisor of h and d.
15
Suppose 19947 = 7*s - 44272 + 6203. Calculate the greatest common divisor of s and 56.
56
Let l(t) = 2*t**2 - 76*t + 791. Let n be l(10). Calculate the highest common factor of n and 903.
21
Let w be (20*-1)/(-2) - -1. Let y(d) = -d**2 + 13*d - 22. Let u be y(w). Suppose 8*z - 11*z + 27 = u. What is the greatest common divisor of z and 45?
9
Suppose -7*d = -138 - 212. What is the highest common factor of d and 27450?
50
Let o(k) = k**2 + 95. Let r be o(0). Let g be (1 - -4) + 324/(-7 - -4). Let n = -84 - g. What is the greatest common divisor of n and r?
19
Let f = -9127 - -9291. Calculate the greatest common divisor of 48 and f.
4
Suppose 2*r - 1479 = o, -10*o = -8*r - 8*o + 5910. What is the highest common factor of r and 18?
18
Suppose 4*a = -3*o + 114, -4*o - 26*a = -30*a - 124. Calculate the greatest common divisor of 8908 and o.
34
Let m = -44 + 49. Suppose -m*f = -8*f. Suppose -26 = -3*b - k + 6*k, f = 2*b - 5*k - 24. Calculate the greatest common divisor of 16 and b.
2
Let f be 1 + 1 - (52 + -61). Calculate the greatest common divisor of f and 5808.
11
Suppose 43*i + 2382 = 49*i. Suppose -2*y - 2*m - 9 = -i, -3*y + 584 = 2*m. What is the highest common factor of 28 and y?
28
Let k be (0 + -5)/5 - -4. Suppose 65*q = 73*q - 32. Suppose u + 2*u = -q*c + 36, -15 = -3*u + k*c. What is the highest common factor of u and 3?
1
Let b be (((-54)/30)/1)/(9/(-30)). Let y be b/(-21) - 699/(-21). Calculate the highest common factor of 99 and y.
33
Let s(v) = -v**3 - 31*v**2 - 63*v - 109. Let q be s(-29). What is the highest common divisor of 711 and q?
9
Suppose -44847 = 62*c - 158*c + 63*c. Calculate the greatest common factor of c and 27.
9
Suppose 2*o = 3*o - 4*j - 26, 4*o - j = 74. Let m(g) = 2*g**2 + 42*g - 26. Let y be m(-22). Calculate the highest common divisor of y and o.
18
Let o(t) = 2*t**2 - 75*t + 16. Let m be o(38). Suppose 4*x = 3*v - m, v - 48 = -2*v + 2*x. What is the greatest common factor of v and 35?
7
Suppose 3*r - 5*v - 3860 = 0, 0 = 3*r - 4*v + 1940 - 5796. Calculate the greatest common factor of r and 30.
10
Let m = -87 + 360. Suppose -22*z + 19*z = -m. Calculate the greatest common factor of 7 and z.
7
Let c(y) = 5*y - 4. Suppose 4*j - 32 = -t, -j - 2*t + 6 + 2 = 0. Let a = 13 - j. Let h be c(a). Calculate the highest common divisor of h and 189.
21
Suppose 3*k - w = 99, -8*k = -5*k + w - 93. Let r = -56 - -224. Calculate the highest common factor of r and k.
8
Suppose 5*r + 3*k = 6*k + 9, 3*k = -5*r - 9. Suppose -7*u + 5*u = 3*i - 349, 3*i - 4*u - 355 = r. Calculate the greatest common factor of i and 78.
39
Suppose -81 - 27 = -3*u. Suppose 0 = -u*h + 33*h + 81. Let r(t) = 2*t + 6. Let g be r(15). Calculate the highest common divisor of g and h.
9
Suppose -17*l - 20 = -19*l. Let f be (-5)/l*-28 + -3. What is the highest common divisor of f and 55?
11
Let w be 339/11 + 26/143. Let g = w + -19. Suppose g*x - 28 = 5*x. What is the greatest common factor of 40 and x?
4
Let d = -45 - -62. Let m(v) be the second derivative of v**3 + 153*v**2/2 + 8*v. Let l be m(0). What is the highest common divisor of d and l?
17
Let b(m) = -32*m - 26. Let p = -418 - -416. Let v be b(p). Calculate the greatest common divisor of v and 38.
38
Let z = 12335 - 12318. What is the greatest common factor of z and 25313?
17
Let p(x) = x**2 - 13*x + 21. Let b be p(-6). What is the greatest common factor of 72 and b?
9
Let n be 6786/26*2/6. Let b = n - 59. Calculate the highest common divisor of b and 434.
14
Let j be (-1)/(-1) + (0 - -35). Let m = 19 + 3. Suppose -3*z + 11 = -a, -6*z = -z + 2*a - m. Calculate the highest common divisor of z and j.
4
Let h be 2/3*((-43088)/(-32) + -7). What is the highest common factor of 188 and h?
47
Let v(u) = -u + 2. Let z be v(-2). Suppose 2 = z*o - 466. Let c = -85 - -163. Calculate the highest common divisor of o and c.
39
Suppose -5*k - 2*u + 1240 - 476 = 0, 314 = 2*k - 2*u. Let n = 321 + -315. Suppose 44 = n*h - 88. What is the greatest common factor of k and h?
22
Suppose r - 471 - 708 = -v, 4*r - 4714 = -2*v. What is the greatest common factor of r and 38?
38
Let a be (-2)/(-33) - 762146/(-2541). What is the greatest common divisor of 7725 and a?
75
Let b(x) = -39*x - 134. Let y be b(-9). Calculate the greatest common factor of 8246 and y.
217
Let z(h) be the third derivative of h**4/2 + 7*h**3/2 - h**2 + 36. Let l be z(28). Suppose -4*r = -r - 63. What is the highest common divisor of l and r?
21
Let j(o) be the third derivative of -o**5/60 + 7*o**4/24 + 19*o**3/3 + o**2 + 5*o. Let x be j(10). What is the highest common divisor of 1016 and x?
8
Suppose 4*s = 3*f + 1136, 10*f + 1895 = 5*f + 5*s. Let l = -92 - f. What is the greatest common divisor of l and 9?
9
Suppose -1485 = -4*n - 2*w - 915, -3*w = 2*n - 271. What is the greatest common divisor of n and 8760?
146
Let u = 3557 - 3323. What is the greatest common factor of u and 36?
18
Let s = 26 - 14. Let o(b) = -3*b + 36. Let h be o(s). Let d be -2 - 12/(h + -3). What is the highest common divisor of 4 and d?
2
Let c = 8063 - 5147. Calculate the greatest common divisor of 1701 and c.
243
Let c(v) = -v**3 - 9*v**2 - 8*v + 4. Let y be c(-7). Let d = y - -37. Let a be d/2 - 41/(-2). What is the highest common divisor of 160 and a?
20
Let u be (221/(-357) - 18/(-63)) + 46/3. Calculate the highest common divisor of u and 41760.
15
Let z(m) = -7*m - 44. Let q be z(-7). Let d = 47 + -43. Let k be ((-44)/16 + 1/d)*-6. Calculate the greatest common divisor of q and k.
5
Let o = -33 - -47. Suppose 56*c - 64 - 48 = 0. Suppose -2*j - 2*r = -o, -5*r + 24 = c*j + 7. Calculate the highest common factor of j and 54.
6
Let l be (-2 + -4)/(15/(-140)). Let n be 2/(-5) - (-34)/10. Suppose -18 + n = -p + f, -1 = f. What is the highest common factor of p and l?
14
Let h = 112 - 38. Suppose -171 - h = -7*i. Calculate the greatest common factor of i and 5.
5
Suppose 0*s = s + 42. Suppose -3*u = -4*k - 100, 2*u + 3*u = -3*k + 186. Let r be u/42*s/(-2). What is the highest common divisor of 54 and r?
18
Suppose 804 = 29*p + 50. Let w = -22 - -25. Suppose 3*l + 165 = 5*l + w*a, 4*l - 5*a = 297. Calculate the greatest common factor of l and p.
26
Suppose 48*v = 18*v + 1694 + 1456. What is the greatest common factor of v and 1140?
15
Let m = -794 + 428. Let u be (-2440)/m*(-144)/(-10). What is the greatest common factor of u and 288?
96
Suppose 55 = 19*z - 21. Calculate the highest common factor of z and 860.
4
Let x(z) = 169*z + 1726. Let t be x(-10). What is the highest common factor of 44 and t?
4
Suppose 808 = -86*n + 28438 + 6254. Calculate the highest common factor of 8471 and n.
197
Let k be ((-32)/(-120))/(-2) - (1 + 3471/(-45)). What is the greatest common factor of 8 and k?
4
Suppose -6*i = -5*i - 19. Let j be (0 + (-3)/6)*-2 + i. Let f be 1 + (-4)/(j/(-755)). Calculate the highest common factor of f and 8.
8
Suppose -v + 2*o = -19, -v + 5*o - 14 + 30 = 0. Let i be (-7 - -8)/((-2)/(-70)). What is the highest common factor of v and i?
7
Let u(c) = c**2 + 5*c + 7. Let x be (-25)/10*(-18)/15*1. Suppose -x*z - 31 = -22. Let i 